 Let t be l(12). Is 15 a factor of w(t)?
True
Suppose -3*p + n = -0*n + 152, p - 2*n + 59 = 0. Let d be p/2 + 2/(-4). Let m = d - -61. Is m a multiple of 12?
True
Let a = -334 + 184. Let i = -106 - a. Is 25 a factor of i?
False
Let r be (-16)/(-12)*3/1. Suppose -2*t - 158 = -4*h + t, 5*h + r*t = 182. Suppose 3*j + 5*y = y + h, 4*y - 52 = -4*j. Is 14 a factor of j?
True
Let n be (-16)/6*6/(-4). Suppose y + n = -26. Is y/8*(-2 - 2) a multiple of 7?
False
Suppose 5*t - 152 - 199 = -4*z, -t + 255 = 3*z. Is 28 a factor of z?
True
Does 14 divide 281/5 - (-4)/(-20)?
True
Let i be (-4)/22 + (-873)/99. Let g = -6 - i. Suppose -g*x = -5*x + 98. Does 17 divide x?
False
Let y(f) = -f**2 - 7*f - 7. Let a be y(-5). Let h = a + 27. Suppose -d = -h + 9. Is 8 a factor of d?
False
Suppose 0 = 5*j - 57 - 178. Let z be (11/3)/((-2)/12). Let g = z + j. Does 12 divide g?
False
Let u = 46 - 42. Let p = 0 - -1. Is 9 a factor of (-142)/(-8) + p/u?
True
Let v be (0 - -2)*27/18. Suppose -v*m + 110 = 2*m. Does 6 divide m?
False
Suppose 0 = i + i - 172. Does 43 divide i?
True
Suppose r = -r - 3*w - 849, -4*r - w = 1683. Is (2/(-5))/(7/r) a multiple of 8?
True
Suppose 3*p - 3 = -6, -472 = -3*m + 4*p. Suppose -4*i + m = -0*i. Is i a multiple of 14?
False
Let n = 15 + 54. Does 8 divide n?
False
Let u(m) be the first derivative of -2*m**2 - 4*m - 2. Is u(-5) a multiple of 14?
False
Let a = -11 + -4. Suppose 2*f = -4*z + 4, -2*z + 1 = -5*f - 1. Is -2 - (a - f - 2) a multiple of 15?
True
Let r(l) = 9*l - 31. Does 8 divide r(7)?
True
Suppose -f - 112 = -4*p - 30, -2*p = -5*f - 32. Is 174/p + 4/(-14) a multiple of 4?
True
Let d = 1 + 3. Suppose d*a - 4 = 4. Is 13 a factor of 2/a*(26 - 0)?
True
Suppose -26 - 57 = -x + 2*n, x = -5*n + 48. Let f = 106 - x. Does 11 divide f?
True
Let m(w) = 89*w + 10. Does 12 divide m(1)?
False
Let d(j) = 7*j**2 + 7*j. Let i be d(5). Suppose -2*q = -5*n + i, -3*n - 3*q = -4*q - 126. Is 21 a factor of n?
True
Suppose -3*t - 3 = 0, 4*b - 2*t - 58 = 3*b. Is 14 a factor of b?
True
Let q = 90 - 52. Is q a multiple of 19?
True
Let j(k) = 2*k**3 + 3*k**2 - 3*k - 4. Is 34 a factor of j(3)?
True
Suppose 5*t + 5*r = 85, 4*t - 4*r - 65 = t. Is 3 a factor of t?
False
Suppose -2*p - j = -307, 6*j = -4*p + 5*j + 619. Does 26 divide p?
True
Let m(b) = b + 6. Let o(f) = 5. Let x(t) = 2*m(t) - 3*o(t). Let d be x(-5). Let g = -6 - d. Is g a multiple of 4?
False
Let h(n) be the second derivative of 9*n**5/20 - n**4/6 + n**3/3 - n**2/2 - 26*n. Suppose -4 = -3*g - 1. Is h(g) a multiple of 5?
False
Suppose -4*p = -3*y - 12, -2*y - 12 = -4*y - 4*p. Let i be y + 14 - (-1 - -1). Let v = -5 + i. Is v a multiple of 9?
True
Suppose -4*n = -101 - 243. Is 9 a factor of n?
False
Suppose 655 - 6 = 3*j + 5*g, 0 = -2*j + g + 411. Is 43 a factor of j?
False
Suppose -z + 3*d = -51, -4*d - 118 = -3*z - 2*d. Is 13 a factor of z?
False
Let i(q) = 6*q + 3. Let l be i(3). Suppose -4*j = 4*n - 0*j, 0 = -2*n - 3*j + 1. Let r = n + l. Does 7 divide r?
False
Let t be (-3 - 33/(-6))*2. Suppose 3*u - 8 - 37 = 0. Suppose u = -0*q + t*q. Does 3 divide q?
True
Let l be 8/(0 - (1 - 3)). Suppose l*h = 2*h + 84. Suppose n = 4*n - h. Does 7 divide n?
True
Let m = 21 + -19. Suppose -m*x + 285 = x. Does 21 divide x?
False
Let v be 9 - (0 - -3 - -1). Suppose -2*k - c = -66, v*k + 0*c - 5*c = 195. Is 8 a factor of k?
False
Let v(w) = -w**3 - 6*w**2 + 2. Let h be v(-6). Suppose h*y - 18 = 10. Let a = y + 5. Does 5 divide a?
False
Suppose -2*v - 85 = -3*o, 0*v = 5*o + 4*v - 149. Suppose 0 = -5*g - o - 16. Is 9 a factor of (-1)/(-3)*-4*g?
False
Let s(x) = -x**2 + 15*x + 21. Is 7 a factor of s(14)?
True
Let o(u) = -7*u + 7. Let v be o(4). Does 13 divide (-6)/v + (-1810)/(-35)?
True
Suppose 4*c - 110 = -6. Suppose -a - 5*q = -c, q + 1 = a - 1. Let b(r) = 6*r - 8. Does 16 divide b(a)?
False
Suppose -l - 4*l + 105 = 0. Is 3 a factor of -2*l/(-6) - -3?
False
Let y be 77/(-5) - 4/(-10). Let j = y + 26. Is j a multiple of 11?
True
Suppose -3 - 3 = -2*a. Suppose 5*f - 4*y = 39, 17 + 39 = 4*f + a*y. Is f a multiple of 6?
False
Let d(v) = -v**2 + 30. Is 16 a factor of d(0)?
False
Let l(n) be the third derivative of n**4/12 + n**3/6 + n**2. Is l(7) a multiple of 3?
True
Suppose -3*v = 11 - 113. Let p be (168 - 0/2) + 2. Suppose 4*g + v = p. Does 17 divide g?
True
Suppose 3*u - 16 = -u. Suppose -98 = -3*r + p - 6*p, 0 = u*p + 20. Is r a multiple of 16?
False
Suppose 6 - 15 = -3*s. Suppose -s*l = -15, 2 = -4*q + l - 3. Suppose -3*n + 79 = 2*p, q*n = -4*n + p + 109. Is 10 a factor of n?
False
Let w = 15 - 11. Let t(x) = -w*x + 3*x**2 + 2*x**2 + 4*x + 2. Does 11 divide t(-2)?
True
Suppose -54 - 2 = -4*b. Is 7 a factor of b?
True
Let g be (-70)/(-5) + -1 + 1. Let n be (-74)/g + (-4)/(-14). Let f(o) = -o**3 - 3*o**2 + 7*o + 5. Does 10 divide f(n)?
True
Let j(q) be the third derivative of q**6/40 + q**5/30 + q**4/24 - 2*q**3/3 + 5*q**2. Is j(2) a multiple of 11?
False
Let j be 54/15 - (-4)/10. Suppose j = 5*n - 1. Let i(q) = 22*q**3. Is 7 a factor of i(n)?
False
Let v(f) = 12*f**3 + f**2 - f. Let y be v(1). Is ((-15)/y)/1*-4 even?
False
Let a(o) = 27*o**3 - o**2 + o - 1. Is 26 a factor of a(1)?
True
Let l be 55/20 - 1/(-4). Suppose -21 - l = -3*i. Is i a multiple of 6?
False
Let y(m) = -m**3 + 6*m**2 + 8*m - 7. Let c be y(7). Suppose c = 2*z + z - 12, -2*s + 14 = -4*z. Does 5 divide s?
True
Suppose 2*y + i + 1 = 0, -i - 3*i = -12. Let u be 31/3 - y/3. Let k = 33 - u. Does 11 divide k?
True
Suppose -3*b + 40 = -62. Suppose 5*q = -4*l + 60, -2*q + 3 - 12 = -5*l. Let r = b - q. Does 19 divide r?
False
Let l(x) be the second derivative of 0 + 5/6*x**3 + 2*x**2 + 3*x + 2/3*x**4 + 1/20*x**5. Is l(-3) a multiple of 15?
False
Let z(m) = -m + 8. Let u be z(9). Is 22 a factor of -1 - u - 4 - -55?
False
Let c(z) = 4*z**2 + 3*z - 5. Is 10 a factor of c(-5)?
True
Suppose 7*a + 29 = 449. Is 10 a factor of a?
True
Let j = 1 + -3. Let q(w) = -w**2 + 7. Let n be q(0). Let k = n - j. Is k a multiple of 6?
False
Let t = -12 - -19. Is 4 a factor of t?
False
Suppose -2*x + 360 = 6*t - 4*t, -5*t = -2*x - 935. Is t a multiple of 32?
False
Let n(y) = -y**2 + 5*y - 2. Let k be n(3). Suppose 2*h + 2*v + k = 0, -h = 3*v + 1 + 11. Does 2 divide h?
False
Suppose 6*a - 4 - 110 = 0. Suppose -4*p + 135 + 5 = 0. Let l = p - a. Is l a multiple of 16?
True
Let l be 4 + (4 + -1 - 4). Suppose -f - 3 = 0, w + w = -l*f + 5. Let o = 23 - w. Is 16 a factor of o?
True
Suppose 2*i + 7 = -3*x + 23, -4*i = -3*x + 4. Suppose 7 - 1 = i*h. Is 4 a factor of h + (9/3 - -2)?
True
Let l(q) = -q**2 + 10*q + 2. Does 9 divide l(6)?
False
Let l = 2 + 0. Suppose -l*q = 6, 11 = n - 5*q - 16. Does 6 divide n?
True
Let v be ((-2)/(-6))/(2/(-18)). Is (-5)/15 + (-31)/v a multiple of 3?
False
Suppose 0*l - 15 = -5*l. Suppose -r = l*r - 56. Is r a multiple of 12?
False
Let g = 78 + 13. Does 10 divide g?
False
Suppose 0 = 4*t, -z = -0*t + 4*t + 20. Does 2 divide (-56)/z - 1/(-5)?
False
Suppose -u = -3*i + u + 12, 2*u = -4*i + 2. Let q = i + 46. Is q a multiple of 13?
False
Suppose 5*t + l = 339, 5*t = l + 4*l + 315. Is t a multiple of 20?
False
Let d be (1 + 1)/1 + 47. Is 13 a factor of d*((2 - 2) + 1)?
False
Let n = 379 - 232. Is n a multiple of 21?
True
Suppose 8*v - 4*v = -4. Let u be 1865/20 + v/4. Let w = u + -54. Is w a multiple of 12?
False
Let f = 10 - 6. Does 11 divide 44*(-1 + 6/f)?
True
Suppose 0 = -12*h + 4*h + 40. Is h even?
False
Does 12 divide 16*((-42)/(-8) + -3)?
True
Let f = 2 + -1. Let i(q) be the first derivative of 5*q**3/3 + q + 2. Does 4 divide i(f)?
False
Suppose 45*g - 46*g = -15. Is g a multiple of 3?
True
Suppose 2*w = -2*v + 8, 2*w - w - v - 2 = 0. Let b be (w/(-2))/(2/12). Is (b/6*2)/(-1) a multiple of 2?
False
Let o be ((-27)/(-6))/(-3)*2. Does 3 divide (o - 1/(-1)) + 9?
False
Let a(r) = -9*r - 4. Let y(z) = 100*z + 45. Let d(k) = 45*a(k) + 4*y(k). Is 10 a factor of d(-2)?
True
Suppose 3*r + 20 = 8. Does 5 divide (r/6)/(4/(-90))?
True
Suppose 2*s + 3*l - 616 = 0, l - 6*l = -20. Suppose s = h + h. Suppose w - 74 = -2*z - 1, -4*z - w + h = 0. Does 13 divide z?
True
Let n = 8 + -3. Suppose 0 = -o + n*o. Suppose 5*c + 0*m - 4*m = 137, o = -3*c - 4*m + 63. Does 18 divide c?
False
Let c be 3/18*10*-3. Does 8 divide (-2)/c + 106/10?
False
Let o be 3/(3/8) + 1. Let